227194.
2, 37, 5313881
List the prime factors of 27800447.
27800447
List the prime factors of 2253010741.
2253010741
What are the prime factors of 368534608?
2, 13, 83, 21347
List the prime factors of 1571071599.
3, 31, 71, 26437
What are the prime factors of 251478039?
3, 83826013
List the prime factors of 292775342.
2, 41, 3570431
What are the prime factors of 238268809?
613, 388693
What are the prime factors of 60376903?
271, 222793
What are the prime factors of 68643641?
11, 31, 47, 4283
List the prime factors of 94345319.
2083, 45293
What are the prime factors of 257831581?
7, 5261869
What are the prime factors of 579858395?
5, 115971679
What are the prime factors of 6935539402?
2, 11, 17, 43, 53, 79, 103
What are the prime factors of 3532249175?
5, 7, 13, 73, 21269
What are the prime factors of 908613485?
5, 13, 13978669
What are the prime factors of 313777851?
3, 104592617
List the prime factors of 286980795.
3, 5, 31, 205721
List the prime factors of 1230985747.
1230985747
List the prime factors of 172364270.
2, 5, 13, 1117, 1187
What are the prime factors of 3391755666?
2, 3, 13, 43484047
List the prime factors of 8458705.
5, 19, 269, 331
What are the prime factors of 1177619043?
3, 392539681
What are the prime factors of 165830765?
5, 19, 91873
What are the prime factors of 137487558?
2, 3, 13, 1762661
What are the prime factors of 3997893474?
2, 3, 19, 11689747
What are the prime factors of 59521024?
2, 29063
List the prime factors of 497354119.
18379, 27061
What are the prime factors of 2633334028?
2, 13, 83, 7351
What are the prime factors of 154123196?
2, 31, 1242929
What are the prime factors of 1284996305?
5, 43, 5976727
List the prime factors of 136705840.
2, 5, 17, 100519
What are the prime factors of 1086244657?
499, 2176843
What are the prime factors of 3395439648?
2, 3, 17, 251, 307
What are the prime factors of 139022869?
53, 2623073
List the prime factors of 478303612.
2, 29, 142183
What are the prime factors of 86842244?
2, 1033, 21017
What are the prime factors of 2342429522?
2, 37, 47, 673499
List the prime factors of 82434525.
3, 5, 79, 13913
List the prime factors of 38700265.
5, 1249, 6197
List the prime factors of 122471404.
2, 11, 271, 10271
List the prime factors of 191087111.
191087111
List the prime factors of 95784947.
19, 31, 162623
What are the prime factors of 779792763?
3, 53, 4904357
What are the prime factors of 165144073?
165144073
What are the prime factors of 1040730761?
7, 6547, 22709
What are the prime factors of 2358975672?
2, 3, 41, 139, 5749
What are the prime factors of 1088075205?
3, 5, 7, 743, 4649
What are the prime factors of 19029910?
2, 5, 1902991
List the prime factors of 93905452.
2, 71, 330653
What are the prime factors of 161076058?
2, 11, 13, 109, 5167
What are the prime factors of 152892643?
277, 551959
What are the prime factors of 842006934?
2, 3, 31, 313, 1607
What are the prime factors of 57451398?
2, 3, 17, 563249
List the prime factors of 5882764.
2, 947, 1553
List the prime factors of 2966915130.
2, 3, 5, 23, 4299877
What are the prime factors of 5717207?
5717207
List the prime factors of 247401653.
3467, 71359
What are the prime factors of 516238418?
2, 479, 538871
List the prime factors of 149887652.
2, 3191, 11743
What are the prime factors of 27223039?
191, 142529
What are the prime factors of 4800028356?
2, 3, 977, 45491
What are the prime factors of 2717934575?
5, 108717383
What are the prime factors of 1018811807?
13, 31, 2528069
What are the prime factors of 1753136306?
2, 876568153
What are the prime factors of 380015768?
2, 11, 29, 43, 3463
List the prime factors of 38880946.
2, 13, 1495421
What are the prime factors of 1612487095?
5, 322497419
List the prime factors of 105569180.
2, 5, 5278459
List the prime factors of 1593977442.
2, 3, 151, 881, 1997
List the prime factors of 68522440.
2, 5, 7, 101, 2423
What are the prime factors of 799118140?
2, 5, 173, 230959
What are the prime factors of 16628217?
3, 103, 53813
What are the prime factors of 5587532284?
2, 1396883071
List the prime factors of 20299899.
3, 331, 20443
List the prime factors of 50833157.
199, 255443
List the prime factors of 43887963.
3, 7, 1123, 1861
List the prime factors of 421674846.
2, 3, 70279141
List the prime factors of 16873350.
2, 3, 5, 13, 17, 509
List the prime factors of 1145261037.
3, 37, 1051, 9817
What are the prime factors of 11681318?
2, 11, 530969
List the prime factors of 30244087.
3907, 7741
What are the prime factors of 86731686?
2, 3, 137, 35171
What are the prime factors of 227597153?
7, 5023, 6473
What are the prime factors of 2189765313?
3, 457, 177467
What are the prime factors of 4565590638?
2, 3, 7, 6379, 17041
What are the prime factors of 2288961225?
3, 5, 2213, 4597
What are the prime factors of 73043981?
1117, 65393
What are the prime factors of 4368153758?
2, 61, 137, 261347
What are the prime factors of 43671133?
11, 3970103
What are the prime factors of 330352943?
19, 17386997
List the prime factors of 97813908.
2, 3, 263, 10331
What are the prime factors of 1113759002?
2, 1543, 360907
List the prime factors of 594188978.
2, 297094489
List the prime factors of 182574824.
2, 53, 430601
What are the prime factors of 169716168?
2, 3, 17, 46219
List the prime factors of 112876820.
2, 5, 7, 806263
What are the prime factors of 84760310?
2, 5, 43, 197117
List the prime factors of 123526637.
13, 467, 20347
List the prime factors of 1705293351.
3, 29, 173, 12589
What are the prime factors of 1190065980?
2, 3, 5, 149, 133117
List the prime factors of 374101956.
2, 3, 3463907
What are the prime factors of 235596147?
3, 78532049
What are the prime factors of 203358112?
2, 131, 139, 349
List the prime factors of 7617122585.
5, 73, 467, 44687
What are the prime factors of 3048512?
2, 19, 23, 109
What are the prime factors of 552227364?
2, 3, 13, 1179973
What are the prime factors of 83372583?
3, 7, 137, 28979
List the prime factors of 542883280.
2, 5, 6786041
List the prime factors of 57656111.
647, 89113
What are the prime factors of 337287813?
3, 53, 73, 29059
What are the prime factors of 76224715?
5, 7, 113, 19273
List the prime factors of 183927128.
2, 7, 11, 298583
List the prime factors of 69764021.
127, 549323
List the prime factors of 43469352.
2, 3, 201247
What are the prime factors of 4867536643?
2917, 1668679
What are the prime factors of 2126475832?
2, 13, 163, 125441
What are the prime factors of 317325282?
2, 3, 271, 195157
List the prime factors of 1049700.
2, 3, 5, 3499
What are the prime factors of 211414314?
2, 3, 479, 73561
What are the prime factors of 291031043?
317, 918079
What are the prime factors of 179964026?
2, 11, 113, 6581
What are the prime factors of 3803354499?
3, 7, 181112119
What are the prime factors of 916466195?
5, 53, 3458363
What are the prime factors of 111672003?
3, 577, 64513
What are the prime factors of 1291856265?
3, 5, 7, 17, 19, 12697
What are the prime factors of 6470435?
5, 1294087
What are the prime factors of 257745484?
2, 127, 313, 1621
What are the prime factors of 1212562355?
5, 29, 53, 83, 1901
What are the prime factors of 41521228?
2, 7, 349, 607
What are the prime factors of 507993679?
313, 439, 3697
List the prime factors of 43130949.
3, 14376983
List the prime factors of 7254647555.
5, 10631, 136481
What are the prime factors of 416662865?
5, 29, 2873537
What are the prime factors of 920680982?
2, 13, 521, 67967
What are the prime factors of 566467095?
3, 5, 107, 352939
What are the prime factors of 197906837?
197906837
List the prime factors of 46839746.
2, 59, 396947
What are the prime factors of 39460306?
2, 19730153
What are the prime factors of 69634739?
53, 1313863
What are the prime factors of 1683027615?
3, 5, 29, 3869029
What are the prime factors of 74576906?
2, 37288453
List the prime factors of 145666027.
13, 19, 31039
List the prime factors of 167015096.
2, 43, 485509
List the prime factors of 151852116.
2, 3, 13, 973411
List the prime factors of 1146380000.
2, 5, 31, 43
What are the prime factors of 432818745?
3, 5, 31, 107, 8699
What are the prime factors of 186070414?
2, 23, 4045009
List the prime factors of 2288900206.
2, 19583, 58441
What are the prime factors of 5465321500?
2, 5, 17, 19, 43,